actor of 40 and 35620?
20
Calculate the highest common factor of 23146 and 1846.
142
Calculate the highest common factor of 16077 and 483.
69
What is the highest common divisor of 14443 and 1014?
13
What is the greatest common divisor of 122724 and 9?
9
What is the greatest common divisor of 147448 and 280?
56
Calculate the greatest common divisor of 2604860 and 4170.
1390
What is the highest common divisor of 585562 and 579?
193
What is the greatest common divisor of 1539 and 6021?
27
Calculate the greatest common divisor of 304 and 819926.
38
What is the greatest common divisor of 574 and 34174?
14
Calculate the highest common factor of 35364 and 84.
84
Calculate the greatest common factor of 351416 and 104.
104
Calculate the highest common divisor of 29584 and 32.
16
What is the greatest common divisor of 31343 and 23?
1
What is the highest common factor of 1938 and 48552?
102
Calculate the highest common divisor of 63683 and 29620.
1481
What is the greatest common factor of 1254 and 570?
114
Calculate the highest common divisor of 909 and 4203.
9
Calculate the greatest common factor of 1190445 and 1140.
285
Calculate the greatest common divisor of 616 and 392.
56
What is the highest common divisor of 51861 and 708?
177
What is the highest common factor of 464 and 415396?
116
Calculate the highest common factor of 12 and 292410.
6
What is the highest common divisor of 1100 and 2800?
100
Calculate the greatest common factor of 1415 and 880979.
283
What is the greatest common factor of 1915632 and 1152?
144
What is the greatest common factor of 14588 and 4?
4
Calculate the greatest common factor of 72 and 54928.
8
What is the highest common factor of 30 and 5255280?
30
What is the highest common factor of 26 and 199199?
13
What is the highest common divisor of 3526 and 272749?
43
Calculate the greatest common divisor of 102542 and 3894.
1298
What is the greatest common divisor of 192 and 11508?
12
Calculate the greatest common factor of 348 and 2388.
12
What is the highest common divisor of 1345 and 1629064?
269
Calculate the highest common factor of 1982981 and 572.
143
What is the greatest common divisor of 1220 and 1286795?
305
Calculate the greatest common divisor of 1178388 and 324.
324
What is the greatest common factor of 6 and 53653?
1
What is the greatest common divisor of 399852 and 2726?
58
Calculate the highest common factor of 247695 and 13143.
1011
What is the greatest common divisor of 381261 and 3006?
501
Calculate the highest common factor of 42000 and 14.
14
What is the highest common divisor of 70 and 36974?
14
Calculate the highest common divisor of 36121 and 697.
41
What is the greatest common divisor of 903 and 84?
21
What is the greatest common divisor of 2796 and 888?
12
Calculate the greatest common divisor of 807 and 2807553.
807
What is the greatest common divisor of 1252 and 195938?
626
What is the highest common divisor of 789 and 15?
3
Calculate the greatest common divisor of 10260 and 3309876.
2052
Calculate the greatest common factor of 239139 and 1989.
153
Calculate the highest common divisor of 8 and 379608.
8
What is the greatest common divisor of 10757146 and 46?
46
What is the greatest common divisor of 216853 and 819?
91
What is the highest common divisor of 10561 and 5723?
59
What is the highest common factor of 638 and 979?
11
Calculate the highest common divisor of 12636 and 338.
26
Calculate the highest common divisor of 66 and 82.
2
What is the highest common factor of 224876 and 1904?
68
Calculate the highest common divisor of 2368 and 407.
37
Calculate the greatest common factor of 12524 and 13130.
202
Calculate the greatest common factor of 76630 and 11455.
395
What is the greatest common divisor of 15306 and 3?
3
What is the greatest common factor of 88 and 1360?
8
Calculate the highest common factor of 83421 and 819.
117
What is the greatest common factor of 33 and 1311717?
33
Calculate the highest common divisor of 555256 and 208.
104
What is the highest common divisor of 504 and 106974?
126
Calculate the greatest common divisor of 766364 and 9056.
1132
What is the highest common divisor of 20985 and 12?
3
Calculate the greatest common factor of 396 and 65412.
36
Calculate the highest common divisor of 112 and 1996.
4
Calculate the highest common factor of 4646 and 1616.
202
Calculate the greatest common factor of 6205 and 45.
5
What is the highest common factor of 168 and 273840?
168
What is the greatest common factor of 56266 and 266?
14
Calculate the highest common divisor of 16525 and 1322.
661
Calculate the highest common factor of 1896932 and 388.
388
What is the highest common divisor of 4947 and 867?
51
What is the greatest common divisor of 345624 and 36?
12
Calculate the highest common divisor of 184 and 37888.
8
Calculate the highest common factor of 191812 and 316.
316
Calculate the highest common divisor of 1600 and 320.
320
What is the highest common factor of 62834 and 534?
178
What is the greatest common factor of 2759 and 3348?
31
What is the highest common factor of 110 and 1633335?
55
What is the highest common factor of 653253 and 47?
47
Calculate the highest common factor of 1472 and 192.
64
What is the greatest common divisor of 382195 and 5?
5
What is the greatest common factor of 257924 and 68?
68
What is the highest common factor of 249 and 1077?
3
What is the greatest common divisor of 4485 and 1725?
345
What is the highest common factor of 836 and 15356?
44
What is the highest common factor of 149742 and 708?
354
Calculate the greatest common factor of 2349216 and 864.
864
What is the highest common factor of 2406125 and 375?
125
Calculate the highest common factor of 7532928 and 64.
64
Calculate the highest common divisor of 97942 and 78.
26
What is the greatest common divisor of 4470020 and 20?
20
What is the highest common divisor of 4518 and 12550?
502
What is the greatest common factor of 29944 and 1544?
8
Calculate the greatest common factor of 24065 and 20.
5
What is the greatest common divisor of 793360 and 1645?
235
What is the highest common divisor of 72038 and 199?
199
What is the greatest common divisor of 2420898 and 12?
6
What is the greatest common divisor of 71804 and 1508?
116
What is the greatest common divisor of 527 and 77758?
17
Calculate the highest common divisor of 5994 and 4292.
74
What is the highest common divisor of 8976 and 13413?
51
What is the highest common divisor of 9867 and 1144?
143
What is the highest common factor of 220780 and 9975?
665
What is the highest common factor of 111 and 13246?
37
Calculate the greatest common factor of 280 and 433240.
40
What is the greatest common factor of 3645 and 47175?
15
Calculate the highest common divisor of 1559130 and 30.
30
What is the highest common divisor of 4514324 and 76?
76
Calculate the greatest common factor of 37596 and 482.
482
What is the greatest common divisor of 11715 and 4455?
165
What is the greatest common factor of 275 and 70425?
25
What is the highest common factor of 380715 and 15?
15
What is the highest common factor of 176 and 775808?
176
Calculate the highest common factor of 2611 and 1183.
7
What is the highest common divisor of 64458 and 108?
18
Calculate the highest common divisor of 56518 and 1386.
154
Calculate the greatest common factor of 412 and 4252.
4
Calculate the highest common divisor of 4992 and 81900.
156
What is the highest common divisor of 515432 and 304?
152
Calculate the greatest common divisor of 81 and 2143584.
81
Calculate the greatest common factor of 1088 and 208.
16
Calculate the highest common divisor of 7 and 13797.
7
What is the highest common factor of 2940 and 32928?
588
What is the highest common divisor of 28 and 69909?
7
What is the highest common divisor of 46 and 64952?
46
Calculate the highest common divisor of 785 and 235.
5
What is the highest common factor of 6 and 5862?
6
Calculate the greatest common divisor of 637 and 582946.
91
What is the highest common factor of 31 and 2449?
31
What is the highest common factor of 1805 and 430673?
361
Calculate the highest common divisor of 948840 and 600.
120
Calculate the highest common divisor of 675 and 310550.
25
What is the highest common factor of 155 and 746635?
155
What is th